 5*a - 1. List the prime factors of n(m).
2, 3
Suppose -632 = -3*p - 5*c + 231, p + 3*c - 289 = 0. Suppose -3*h - 502 = -2*y - 3*y, 3*y = -2*h + p. Let o = y + -52. What are the prime factors of o?
2, 23
What are the prime factors of 601/((-20)/15*(-3)/4)?
601
Suppose 194 = 2*h + q, 222 + 162 = 4*h + q. Suppose -h*m = -89*m - 2142. List the prime factors of m.
3, 7, 17
Let z(r) be the third derivative of -r**6/120 + 13*r**5/60 + r**4/6 + 7*r**3/2 - 18*r**2. What are the prime factors of z(13)?
73
Suppose 2*g + 23 = -5*x, 6 = -4*x + 2. Let m = g - -6. What are the prime factors of (m - -6) + -3 + 5?
5
Let j be (-69)/(-15) + (-8)/(-20). Suppose j*u = -3*m - 11 + 112, 5*u + 155 = 5*m. Let z = 59 - m. What are the prime factors of z?
3
Let q = -24 - -32. Suppose -q*h + 1524 = -676. What are the prime factors of h?
5, 11
Let n = -6 + 42. Let q = n - 31. What are the prime factors of q?
5
Let o = 719 + -271. What are the prime factors of o?
2, 7
List the prime factors of (-7)/1 - 134*(-100)/8.
2, 3, 139
Let q = 817 - 808. What are the prime factors of q?
3
Let x(o) = 2 + 10*o**2 - 4 + 4*o + 1. Let i be x(3). Suppose -l - 4*q + 32 = 0, -6 - i = -4*l + 5*q. What are the prime factors of l?
2, 7
Let d = 15 + -16. What are the prime factors of (93 - 23) + d*(1 + -1)?
2, 5, 7
Let t(x) = 93*x - 311. What are the prime factors of t(8)?
433
Let a(x) = -6*x + 2. Let w = -2 - 3. List the prime factors of a(w).
2
Let h = -1507 - -4501. What are the prime factors of h?
2, 3, 499
Let h be 20 - (5 + -3 - -2). Suppose 3*z = -w + h, -6*z + 5*z = 5*w - 136. Let u = w - 23. List the prime factors of u.
5
Suppose 10*z - 9181 = -1691. List the prime factors of z.
7, 107
Suppose -k - 56 = 6. Suppose 4*u - 2*t + t + 90 = 0, 4*u + 5*t = -102. Let o = u - k. List the prime factors of o.
3, 13
Suppose -4*r = 2*m - 566, 0*r = 4*r - 4*m - 596. Suppose -r = -8*j + 2*j. List the prime factors of j.
2, 3
Let o(s) = s**3 - 8*s**2 - 9*s. Let c be o(9). Suppose y + 5*v = 84, -y + v = -c*v - 96. Let u = y + -50. List the prime factors of u.
2, 11
Suppose 24 - 224 = -4*i. Suppose -3*y - 2*a + i = 0, -2*y - 3*a - a + 36 = 0. Suppose 12*t = y*t - 148. List the prime factors of t.
37
Let p(r) = r**2 + 18*r + 19. Suppose 2*w + 4 = 0, 3*x + 41 = 3*w - 10. What are the prime factors of p(x)?
2, 19
List the prime factors of ((-6)/(-4))/((-3)/(-306)).
3, 17
Let k(f) = -f**2 + 9*f - 1. Let h be ((-2)/(-4))/((-3)/(-156)). Let a = h - 18. List the prime factors of k(a).
7
Let n(s) be the first derivative of 2*s**3/3 - 5*s**2/2 + 6*s + 15. List the prime factors of n(9).
3, 41
Let t(q) = q**3 + 10*q**2 - q + 3. Let k be t(-10). Suppose 15 = -8*w + k*w. Suppose -p - 5*y = -5*p + 228, -w*p - 5*y = -171. List the prime factors of p.
3, 19
Let a(w) = 3*w + 1. Let t be a(0). Suppose 0 = -r + t + 88. List the prime factors of r.
89
Suppose -v = 5*d - 1732, 4*v = v - 5*d + 5206. What are the prime factors of v?
3, 193
Suppose -5*r - 54 = -2*r. Let z = r + 18. Suppose -2*l - 3*f + 46 = 0, -4*l - 4*f + 100 = -z*f. List the prime factors of l.
29
Let o = 1320 - 989. List the prime factors of o.
331
What are the prime factors of 0 + 6 + (196 - 11)?
191
Let r(n) be the second derivative of -6*n**3 - 7*n + 4*n**2 - 2*n**2 + 0*n**2 - 3*n**2. What are the prime factors of r(-2)?
2, 5, 7
Let x = 3 - -18. Let s be 24/16*(-208)/60*-5. Suppose -l = -3*n + 3*l + s, -2*n - l = -x. List the prime factors of n.
2, 5
Let w(q) = 36*q**2 + q + 21. Let t be w(6). Suppose -4*n + 11*n - t = 0. List the prime factors of n.
3, 7
Let o be (136*1 - 2) + 3. Let t = o + -66. What are the prime factors of t?
71
List the prime factors of (11 + -13)*(2721/(-2))/3.
907
Suppose -h + 2432 = 5*p, 8*h - 10*h + 4850 = -4*p. What are the prime factors of h?
3, 809
Let p(t) = t**2 + 12*t - 15. Let v be p(-8). Let z = -23 - v. List the prime factors of z.
2, 3
Suppose 6*g = 4*g + 22. Let w be 70/14 + -1*3/1. Suppose w*a + 2*l - g - 47 = 0, -2*a + 48 = -3*l. List the prime factors of a.
3
Let p = -32 + -28. Let q be p/36*48/2. List the prime factors of (-270)/q*2*2.
3
Suppose -2*f - 13 = -3, -2*o - f = -25. Suppose r - 250 = -r. Suppose o = 4*d - r. What are the prime factors of d?
5, 7
Let a(g) = -2*g - 14. Let v be a(-7). Suppose 0*k + 23 = 4*k - 5*c, v = 2*k + 3*c + 5. Suppose 3*o + k*o - 195 = 0. List the prime factors of o.
3, 13
Let z = -13 - -18. Suppose -z*s + 10*s = 10. What are the prime factors of 0 - (-39 - s/(-1))?
37
Suppose 2*v = 2*t + 718, -2*v + 3*t = -486 - 227. Suppose 30 = 3*u - 9. List the prime factors of (-2)/u + v/169.
2
Let v(m) = 19*m**3 - m**2. Suppose -3*o - 2*c + 4 = -o, 0 = -5*o - 2*c + 7. Let z be v(o). Let k = z + -10. What are the prime factors of k?
2
Let z = 0 - 42. What are the prime factors of 3213/z*4/(-6)?
3, 17
Let r be (-225)/(-27) + (-4)/(-6). List the prime factors of (12/(-4))/(r/(-66)).
2, 11
List the prime factors of 166 - -1*(-4 + -2).
2, 5
Let z(s) = 2*s**2 - 13*s + 4. Let a be z(8). Let w = a - 23. List the prime factors of w.
5
Suppose 21 = 4*v + s, -4*v + 1 = -3*s - 0*s. Let m = v + -4. Suppose l + 3*x - 14 = m, 0*l + x + 82 = 4*l. What are the prime factors of l?
2, 5
Let j(t) = 5*t**2 - t - 1. Let u be j(1). What are the prime factors of 2 + (789/u - 4)?
3, 29
Suppose 0 = 160*w - 191*w + 6448. What are the prime factors of w?
2, 13
Let p = -6 + 6. Let f be (-15)/25*(-5 - p). What are the prime factors of 25 - 0 - (f + -2)?
2, 3
Let o(b) = 589*b**2 - 8*b - 9. What are the prime factors of o(-1)?
2, 3, 7
Suppose -2*a + 7911 = y, -3*y + 99 = 84. List the prime factors of a.
59, 67
Let m = -81 - -16. Let d = m - -159. What are the prime factors of d?
2, 47
Suppose -8*o = -6*o - 906. What are the prime factors of o?
3, 151
Let q = -54 - 40. Let k = q + 49. Let x = k + 98. List the prime factors of x.
53
Let o(z) = -378*z - 89. List the prime factors of o(-2).
23, 29
Let b = 16 + -17. Let d(y) = -48*y - 1. What are the prime factors of d(b)?
47
Suppose 0 = -3*u + 5*z - 4, -u + 12 = 4*u + z. Let b(d) = 24*d**3 - 4*d**2 + 6*d - 5. What are the prime factors of b(u)?
3, 61
Let l be (3/(-12))/(2/(-16)). Suppose 7 - 3 = 4*p - w, -l*w + 18 = 5*p. What are the prime factors of (-31)/(p*1/(-2))?
31
Let l(a) = 5*a - 101. List the prime factors of l(30).
7
Suppose -5*i = -4*y - 9475, i - 4*y - 90 = 1789. What are the prime factors of i?
3, 211
Let q(y) = -455*y + 1. What are the prime factors of q(-1)?
2, 3, 19
Let r(b) = 20*b + 4. Let w be r(-3). Let m = w + 96. List the prime factors of m.
2, 5
Let c(i) = 7*i**3 + 9*i - 7. Let d(y) = 3*y**3 + 4*y - 3. Let v(s) = -2*c(s) + 5*d(s). Let g = 43 + -40. List the prime factors of v(g).
2
Let y(q) = 7*q**2 - 19*q - 104. List the prime factors of y(-11).
2, 7, 17
Let u(s) = -11*s**3 - 2*s**2 + 1. Let h be u(-1). List the prime factors of 1388/7 - h/35.
2, 3, 11
Let w = 35 + -16. Let j = 40 - 23. Let y = w - j. List the prime factors of y.
2
Let i be 4/(-4*3/(-48)). Suppose 3*p - i = 83. List the prime factors of p.
3, 11
Let j(a) = -5*a + 135. List the prime factors of j(-25).
2, 5, 13
Let h be 2*((-2)/3)/((-12)/135). Let d = 35 + h. What are the prime factors of d?
2, 5
Suppose d + 2*d = 0. Suppose d = 5*a - a - 164. Suppose -25 - a = -3*k. What are the prime factors of k?
2, 11
Let z(d) = d + 13. Let t be z(-10). Suppose -738 = -t*h - 3*h. Suppose 3*f + 6*v - h = 3*v, f = 2*v + 26. What are the prime factors of f?
2, 3
Let f(v) be the first derivative of 1/4*v**4 + 55*v + 1/2*v**2 + 0*v**3 + 9. What are the prime factors of f(0)?
5, 11
Let b be 1/(-3) - 2/(-6) - -18. Suppose 80 = b*h - 17*h. What are the prime factors of h?
2, 5
Let w(c) = -c**2 + 11*c - 13. Let u be w(10). List the prime factors of 24/3*-118*u/24.
2, 59
Let t = -5093 + 9927. What are the prime factors of t?
2, 2417
Let t = 89 - 38. Let w = 110 - t. Let h = w - 29. List the prime factors of h.
2, 3, 5
Suppose 2*a - 3 = 2*w - 19, -5*w + 13 = 4*a. Suppose -2*j = 2*c - 352, -6*c - w*j - 880 = -11*c. What are the prime factors of c?
2, 11
Suppose -3*z = -2*z - 2, -3*o + 2 = -2*z. Suppose o*p + 90 = 5*p. List the prime factors of p.
2, 3, 5
Let c(n) = -50*n**3 - 4*n - 6. What are the prime factors of c(-2)?
2, 3, 67
Let j(d) = -14*d + 9. Let l(m) = -5*m + 3. Let r(i) = 4*j(i) - 11*l(i). Let x =